{"id":266,"date":"2023-08-15T16:38:18","date_gmt":"2023-08-15T15:38:18","guid":{"rendered":"https:\/\/ml-advocats.com\/?page_id=266"},"modified":"2023-08-15T16:45:46","modified_gmt":"2023-08-15T15:45:46","slug":"areas-de-trabajo","status":"publish","type":"page","link":"https:\/\/ml-advocats.com\/index.php\/es\/areas-de-trabajo\/","title":{"rendered":"Areas de trabajo"},"content":{"rendered":"<div class=\"wp-block-ub-content-toggle\" id=\"ub-content-toggle-d9ee81cd-66bc-4a23-b8b6-f8562955194e\" data-mobilecollapse=\"true\" data-desktopcollapse=\"true\">\n<div class=\"wp-block-ub-content-toggle-accordion\" id=\"ub-content-toggle-panel-block-\">\n                <div class=\"wp-block-ub-content-toggle-accordion-title-wrap\"\" aria-controls=\"ub-content-toggle-panel-0-d9ee81cd-66bc-4a23-b8b6-f8562955194e\" tabindex=\"0\">\n                    <p class=\"wp-block-ub-content-toggle-accordion-title ub-content-toggle-title-d9ee81cd-66bc-4a23-b8b6-f8562955194e\">Derecho penal<\/p><div class=\"wp-block-ub-content-toggle-accordion-toggle-wrap right\"><span class=\"wp-block-ub-content-toggle-accordion-state-indicator wp-block-ub-chevron-down\"><\/span>\n                    <\/div><\/div><div role=\"region\" aria-expanded=\"false\" class=\"wp-block-ub-content-toggle-accordion-content-wrap ub-hide\" id=\"ub-content-toggle-panel-0-d9ee81cd-66bc-4a23-b8b6-f8562955194e\">\n\n<div class=\"wp-block-columns is-layout-flex wp-container-core-columns-is-layout-9d6595d7 wp-block-columns-is-layout-flex\">\n<div class=\"wp-block-column is-layout-flow wp-block-column-is-layout-flow\">\n<div class=\"wp-block-cover is-light\" style=\"min-height:500px;aspect-ratio:unset;\"><span aria-hidden=\"true\" class=\"wp-block-cover__background has-black-background-color has-background-dim-0 has-background-dim\"><\/span><img loading=\"lazy\" decoding=\"async\" width=\"1757\" height=\"2560\" class=\"wp-block-cover__image-background wp-image-147\" alt=\"\" src=\"https:\/\/ml-advocats.com\/wp-content\/uploads\/2023\/04\/Derecho-penal-scaled.jpg\" data-object-fit=\"cover\" srcset=\"https:\/\/ml-advocats.com\/wp-content\/uploads\/2023\/04\/Derecho-penal-scaled.jpg 1757w, https:\/\/ml-advocats.com\/wp-content\/uploads\/2023\/04\/Derecho-penal-206x300.jpg 206w, https:\/\/ml-advocats.com\/wp-content\/uploads\/2023\/04\/Derecho-penal-703x1024.jpg 703w, https:\/\/ml-advocats.com\/wp-content\/uploads\/2023\/04\/Derecho-penal-768x1119.jpg 768w, https:\/\/ml-advocats.com\/wp-content\/uploads\/2023\/04\/Derecho-penal-1054x1536.jpg 1054w, https:\/\/ml-advocats.com\/wp-content\/uploads\/2023\/04\/Derecho-penal-1406x2048.jpg 1406w\" sizes=\"auto, (max-width: 1757px) 100vw, 1757px\" \/><div class=\"wp-block-cover__inner-container is-layout-flow wp-block-cover-is-layout-flow\">\n<p class=\"has-text-align-center has-white-color has-text-color has-large-font-size\"><\/p>\n<\/div><\/div>\n<\/div>\n\n\n\n<div class=\"wp-block-column is-layout-flow wp-block-column-is-layout-flow\">\n<p>El <strong>derecho penal<\/strong> es el conjunto de normas jur\u00eddicas que asocian al delito, como presupuesto, penas y\/o medidas de seguridad como consecuencia jur\u00eddica. El derecho penal hace una descripci\u00f3n de conductas que han sido valoradas negativamente por el legislador, y en definitiva por la sociedad, por lo que se declaran delictivas y su ejecuci\u00f3n se castiga.<br>Ofrecemos un servicio tanto preventivo como de asistencia en este \u00e1mbito, tanto a personas f\u00edsicas como jur\u00eddicas.<\/p>\n\n\n\n<ul class=\"wp-block-list\">\n<li>Preventivo en el marco de un cuidadoso servicio de asesoramiento especialmente en el \u00e1mbito econ\u00f3mico y empresarial ante una normativa cada d\u00eda m\u00e1s amplia y estricta<\/li>\n\n\n\n<li>Asistencia procesal en el marco de la defensa propia o bien para instar una acusaci\u00f3n<\/li>\n<\/ul>\n<\/div>\n<\/div>\n\n<\/div><\/div>\n\n<div class=\"wp-block-ub-content-toggle-accordion\" id=\"ub-content-toggle-panel-block-\">\n                <div class=\"wp-block-ub-content-toggle-accordion-title-wrap\"\" aria-controls=\"ub-content-toggle-panel-1-d9ee81cd-66bc-4a23-b8b6-f8562955194e\" tabindex=\"0\">\n                    <p class=\"wp-block-ub-content-toggle-accordion-title ub-content-toggle-title-d9ee81cd-66bc-4a23-b8b6-f8562955194e\">Derecho civil<\/p><div class=\"wp-block-ub-content-toggle-accordion-toggle-wrap right\"><span class=\"wp-block-ub-content-toggle-accordion-state-indicator wp-block-ub-chevron-down\"><\/span>\n                    <\/div><\/div><div role=\"region\" aria-expanded=\"false\" class=\"wp-block-ub-content-toggle-accordion-content-wrap ub-hide\" id=\"ub-content-toggle-panel-1-d9ee81cd-66bc-4a23-b8b6-f8562955194e\">\n\n<div class=\"wp-block-columns is-layout-flex wp-container-core-columns-is-layout-9d6595d7 wp-block-columns-is-layout-flex\">\n<div class=\"wp-block-column is-layout-flow wp-block-column-is-layout-flow\">\n<div class=\"wp-block-cover is-light\" style=\"min-height:500px;aspect-ratio:unset;\"><span aria-hidden=\"true\" class=\"wp-block-cover__background has-background-dim-0 has-background-dim\"><\/span><img loading=\"lazy\" decoding=\"async\" width=\"2560\" height=\"1702\" class=\"wp-block-cover__image-background wp-image-153\" alt=\"\" src=\"https:\/\/ml-advocats.com\/wp-content\/uploads\/2023\/04\/Dret-civil-scaled.jpg\" data-object-fit=\"cover\" srcset=\"https:\/\/ml-advocats.com\/wp-content\/uploads\/2023\/04\/Dret-civil-scaled.jpg 2560w, https:\/\/ml-advocats.com\/wp-content\/uploads\/2023\/04\/Dret-civil-300x199.jpg 300w, https:\/\/ml-advocats.com\/wp-content\/uploads\/2023\/04\/Dret-civil-1024x681.jpg 1024w, https:\/\/ml-advocats.com\/wp-content\/uploads\/2023\/04\/Dret-civil-768x511.jpg 768w, https:\/\/ml-advocats.com\/wp-content\/uploads\/2023\/04\/Dret-civil-1536x1021.jpg 1536w, https:\/\/ml-advocats.com\/wp-content\/uploads\/2023\/04\/Dret-civil-2048x1362.jpg 2048w, https:\/\/ml-advocats.com\/wp-content\/uploads\/2023\/04\/Dret-civil-360x240.jpg 360w\" sizes=\"auto, (max-width: 2560px) 100vw, 2560px\" \/><div class=\"wp-block-cover__inner-container is-layout-flow wp-block-cover-is-layout-flow\">\n<p class=\"has-text-align-center has-white-color has-text-color has-large-font-size\"><\/p>\n<\/div><\/div>\n<\/div>\n\n\n\n<div class=\"wp-block-column is-layout-flow wp-block-column-is-layout-flow\">\n<p>El <strong>derecho civil<\/strong> es el conjunto de normas jur\u00eddicas y principios que regulan las relaciones personales o patrimoniales entre personas privadas, tanto f\u00edsicas como jur\u00eddicas, o en t\u00e9rminos generales, como las normas y principios que regulan las relaciones m\u00e1s generales y cotidianas de la vida de las personas, considerando a las personas en cuanto tal, como sujeto de derecho.<\/p>\n\n\n\n<p>Ofrecemos nuestros servicios tanto en el \u00e1mbito privado del asesoramiento, la defensa de los intereses propios, de la negociaci\u00f3n, como para cuando proceda recurrir a los \u00f3rganos judiciales, y esto en los siguientes \u00e1mbitos:<\/p>\n\n\n\n<ul class=\"wp-block-list\">\n<li>Familia: Reg\u00edmenes matrimoniales, separaciones y divorcios, emancipaciones, tutelas,\u2026<\/li>\n\n\n\n<li>Sucesiones<\/li>\n\n\n\n<li>Redacci\u00f3n y revisi\u00f3n de contratos<\/li>\n<\/ul>\n<\/div>\n<\/div>\n\n<\/div><\/div>\n\n<div class=\"wp-block-ub-content-toggle-accordion\" id=\"ub-content-toggle-panel-block-\">\n                <div class=\"wp-block-ub-content-toggle-accordion-title-wrap\"\" aria-controls=\"ub-content-toggle-panel-2-d9ee81cd-66bc-4a23-b8b6-f8562955194e\" tabindex=\"0\">\n                    <p class=\"wp-block-ub-content-toggle-accordion-title ub-content-toggle-title-d9ee81cd-66bc-4a23-b8b6-f8562955194e\">Derecho mercantil o comercial<\/p><div class=\"wp-block-ub-content-toggle-accordion-toggle-wrap right\"><span class=\"wp-block-ub-content-toggle-accordion-state-indicator wp-block-ub-chevron-down\"><\/span>\n                    <\/div><\/div><div role=\"region\" aria-expanded=\"false\" class=\"wp-block-ub-content-toggle-accordion-content-wrap ub-hide\" id=\"ub-content-toggle-panel-2-d9ee81cd-66bc-4a23-b8b6-f8562955194e\">\n\n<div class=\"wp-block-columns is-layout-flex wp-container-core-columns-is-layout-9d6595d7 wp-block-columns-is-layout-flex\">\n<div class=\"wp-block-column is-layout-flow wp-block-column-is-layout-flow\">\n<div class=\"wp-block-cover is-light\" style=\"min-height:500px;aspect-ratio:unset;\"><span aria-hidden=\"true\" class=\"wp-block-cover__background has-background-dim-0 has-background-dim\"><\/span><img loading=\"lazy\" decoding=\"async\" width=\"2560\" height=\"1920\" class=\"wp-block-cover__image-background wp-image-152\" alt=\"\" src=\"https:\/\/ml-advocats.com\/wp-content\/uploads\/2023\/04\/Derecho-mercantil-1-2-scaled.jpg\" data-object-fit=\"cover\" srcset=\"https:\/\/ml-advocats.com\/wp-content\/uploads\/2023\/04\/Derecho-mercantil-1-2-scaled.jpg 2560w, https:\/\/ml-advocats.com\/wp-content\/uploads\/2023\/04\/Derecho-mercantil-1-2-300x225.jpg 300w, https:\/\/ml-advocats.com\/wp-content\/uploads\/2023\/04\/Derecho-mercantil-1-2-1024x768.jpg 1024w, https:\/\/ml-advocats.com\/wp-content\/uploads\/2023\/04\/Derecho-mercantil-1-2-768x576.jpg 768w, https:\/\/ml-advocats.com\/wp-content\/uploads\/2023\/04\/Derecho-mercantil-1-2-1536x1152.jpg 1536w, https:\/\/ml-advocats.com\/wp-content\/uploads\/2023\/04\/Derecho-mercantil-1-2-2048x1536.jpg 2048w\" sizes=\"auto, (max-width: 2560px) 100vw, 2560px\" \/><div class=\"wp-block-cover__inner-container is-layout-flow wp-block-cover-is-layout-flow\">\n<p class=\"has-text-align-center has-white-color has-text-color has-large-font-size\"><\/p>\n<\/div><\/div>\n<\/div>\n\n\n\n<div class=\"wp-block-column is-layout-flow wp-block-column-is-layout-flow\">\n<p>El <strong>derecho mercantil<\/strong> o <strong>derecho comercial<\/strong> es el conjunto de normas jur\u00eddicas relativas a los comerciantes en el ejercicio de su profesi\u00f3n, a los actos de comercio legalmente calificados como tales ya las relaciones jur\u00eddicas derivadas de su realizaci\u00f3n.<\/p>\n\n\n\n<p>En Andorra el derecho mercantil no goza de jurisdicci\u00f3n propia espec\u00edfica, sino que son los mismos \u00f3rganos jurisdiccionales que conocen del derecho civil que son competentes.<\/p>\n\n\n\n<p>En este \u00e1mbito ofrecemos tanto los servicios propios de defensa jurisdiccional como:<\/p>\n\n\n\n<ul class=\"wp-block-list\">\n<li>La constituci\u00f3n de sociedades y todos los distintos supuestos que contempla la vida societaria (redacci\u00f3n y modificaci\u00f3n de estatutos, pactos de socios, ampliaci\u00f3n de capital, compraventa de acciones o participaciones, disoluciones, fusiones, ect..)<\/li>\n<\/ul>\n\n\n\n<ul class=\"wp-block-list\">\n<li>La redacci\u00f3n de documentos diversos relacionados con la actividad empresarial: creaci\u00f3n, inversi\u00f3n extranjera, aperturas de comercio, etc..<\/li>\n<\/ul>\n\n\n\n<ul class=\"wp-block-list\">\n<li>Asistencia en las negociaciones y transacciones<\/li>\n<\/ul>\n<\/div>\n<\/div>\n\n<\/div><\/div>\n\n<div class=\"wp-block-ub-content-toggle-accordion\" id=\"ub-content-toggle-panel-block-\">\n                <div class=\"wp-block-ub-content-toggle-accordion-title-wrap\"\" aria-controls=\"ub-content-toggle-panel-3-d9ee81cd-66bc-4a23-b8b6-f8562955194e\" tabindex=\"0\">\n                    <p class=\"wp-block-ub-content-toggle-accordion-title ub-content-toggle-title-d9ee81cd-66bc-4a23-b8b6-f8562955194e\">Derecho administrativo<\/p><div class=\"wp-block-ub-content-toggle-accordion-toggle-wrap right\"><span class=\"wp-block-ub-content-toggle-accordion-state-indicator wp-block-ub-chevron-down\"><\/span>\n                    <\/div><\/div><div role=\"region\" aria-expanded=\"false\" class=\"wp-block-ub-content-toggle-accordion-content-wrap ub-hide\" id=\"ub-content-toggle-panel-3-d9ee81cd-66bc-4a23-b8b6-f8562955194e\">\n\n<div class=\"wp-block-columns is-layout-flex wp-container-core-columns-is-layout-9d6595d7 wp-block-columns-is-layout-flex\">\n<div class=\"wp-block-column is-layout-flow wp-block-column-is-layout-flow\">\n<div class=\"wp-block-cover\" style=\"min-height:500px;aspect-ratio:unset;\"><span aria-hidden=\"true\" class=\"wp-block-cover__background has-background-dim-0 has-background-dim\"><\/span><img loading=\"lazy\" decoding=\"async\" width=\"2560\" height=\"1709\" class=\"wp-block-cover__image-background wp-image-165\" alt=\"\" src=\"https:\/\/ml-advocats.com\/wp-content\/uploads\/2023\/04\/Admins-scaled.jpg\" data-object-fit=\"cover\" srcset=\"https:\/\/ml-advocats.com\/wp-content\/uploads\/2023\/04\/Admins-scaled.jpg 2560w, https:\/\/ml-advocats.com\/wp-content\/uploads\/2023\/04\/Admins-300x200.jpg 300w, https:\/\/ml-advocats.com\/wp-content\/uploads\/2023\/04\/Admins-1024x684.jpg 1024w, https:\/\/ml-advocats.com\/wp-content\/uploads\/2023\/04\/Admins-768x513.jpg 768w, https:\/\/ml-advocats.com\/wp-content\/uploads\/2023\/04\/Admins-1536x1025.jpg 1536w, https:\/\/ml-advocats.com\/wp-content\/uploads\/2023\/04\/Admins-2048x1367.jpg 2048w, https:\/\/ml-advocats.com\/wp-content\/uploads\/2023\/04\/Admins-360x240.jpg 360w\" sizes=\"auto, (max-width: 2560px) 100vw, 2560px\" \/><div class=\"wp-block-cover__inner-container is-layout-flow wp-block-cover-is-layout-flow\">\n<p class=\"has-text-align-center has-large-font-size\"><\/p>\n<\/div><\/div>\n<\/div>\n\n\n\n<div class=\"wp-block-column is-layout-flow wp-block-column-is-layout-flow\">\n<p>El <strong>Derecho administrativo<\/strong> es el conjunto de normas jur\u00eddicas que regulan la organizaci\u00f3n, funcionamiento y atribuciones de la Administraci\u00f3n p\u00fablica en sus relaciones con los particulares y otras administraciones p\u00fablicasPrestamos nuestros servicios en el \u00e1mbito contencioso en todo tipo de procedimiento administrativo como puede ser: inmigraci\u00f3n, expulsiones, sanciones administrativas comunales o gubernativas, entre otros\u2026<\/p>\n<\/div>\n<\/div>\n\n<\/div><\/div>\n\n<div class=\"wp-block-ub-content-toggle-accordion\" id=\"ub-content-toggle-panel-block-\">\n                <div class=\"wp-block-ub-content-toggle-accordion-title-wrap\"\" aria-controls=\"ub-content-toggle-panel-4-d9ee81cd-66bc-4a23-b8b6-f8562955194e\" tabindex=\"0\">\n                    <p class=\"wp-block-ub-content-toggle-accordion-title ub-content-toggle-title-d9ee81cd-66bc-4a23-b8b6-f8562955194e\">Derecho fiscal<\/p><div class=\"wp-block-ub-content-toggle-accordion-toggle-wrap right\"><span class=\"wp-block-ub-content-toggle-accordion-state-indicator wp-block-ub-chevron-down\"><\/span>\n                    <\/div><\/div><div role=\"region\" aria-expanded=\"false\" class=\"wp-block-ub-content-toggle-accordion-content-wrap ub-hide\" id=\"ub-content-toggle-panel-4-d9ee81cd-66bc-4a23-b8b6-f8562955194e\">\n\n<div class=\"wp-block-columns is-layout-flex wp-container-core-columns-is-layout-9d6595d7 wp-block-columns-is-layout-flex\">\n<div class=\"wp-block-column is-layout-flow wp-block-column-is-layout-flow\">\n<div class=\"wp-block-cover is-light\" style=\"min-height:500px;aspect-ratio:unset;\"><span aria-hidden=\"true\" class=\"wp-block-cover__background has-background-dim-0 has-background-dim\"><\/span><img loading=\"lazy\" decoding=\"async\" width=\"2560\" height=\"1707\" class=\"wp-block-cover__image-background wp-image-149\" alt=\"\" src=\"https:\/\/ml-advocats.com\/wp-content\/uploads\/2023\/04\/Dret-fiscal-scaled.jpg\" data-object-fit=\"cover\" srcset=\"https:\/\/ml-advocats.com\/wp-content\/uploads\/2023\/04\/Dret-fiscal-scaled.jpg 2560w, https:\/\/ml-advocats.com\/wp-content\/uploads\/2023\/04\/Dret-fiscal-300x200.jpg 300w, https:\/\/ml-advocats.com\/wp-content\/uploads\/2023\/04\/Dret-fiscal-1024x683.jpg 1024w, https:\/\/ml-advocats.com\/wp-content\/uploads\/2023\/04\/Dret-fiscal-768x512.jpg 768w, https:\/\/ml-advocats.com\/wp-content\/uploads\/2023\/04\/Dret-fiscal-1536x1024.jpg 1536w, https:\/\/ml-advocats.com\/wp-content\/uploads\/2023\/04\/Dret-fiscal-2048x1365.jpg 2048w, https:\/\/ml-advocats.com\/wp-content\/uploads\/2023\/04\/Dret-fiscal-360x240.jpg 360w\" sizes=\"auto, (max-width: 2560px) 100vw, 2560px\" \/><div class=\"wp-block-cover__inner-container is-layout-flow wp-block-cover-is-layout-flow\">\n<p class=\"has-text-align-center has-white-color has-text-color has-large-font-size\"><\/p>\n<\/div><\/div>\n<\/div>\n\n\n\n<div class=\"wp-block-column is-layout-flow wp-block-column-is-layout-flow\">\n<p>El <strong>Derecho fiscal<\/strong> es una parte del derecho administrativo relativo a la finanza p\u00fablica que regula la obtenci\u00f3n de los ingresos estatales, especialmente a trav\u00e9s del sistema impositivo, y su utilizaci\u00f3n en los gastos p\u00fablicos.<\/p>\n\n\n\n<p>Prestamos nuestro servicio en los procesos contenciosos en esta materia.<\/p>\n\n\n\n<p>No prestamos un servicio esmerado de asesoramiento fiscal pero s\u00ed que podemos realizar el acompa\u00f1amiento cerca de expertos profesionales en este \u00e1mbito.<\/p>\n<\/div>\n<\/div>\n\n<\/div><\/div>\n\n<div class=\"wp-block-ub-content-toggle-accordion\" id=\"ub-content-toggle-panel-block-\">\n                <div class=\"wp-block-ub-content-toggle-accordion-title-wrap\"\" aria-controls=\"ub-content-toggle-panel-5-d9ee81cd-66bc-4a23-b8b6-f8562955194e\" tabindex=\"0\">\n                    <p class=\"wp-block-ub-content-toggle-accordion-title ub-content-toggle-title-d9ee81cd-66bc-4a23-b8b6-f8562955194e\">Otros medios de resoluci\u00f3n de conflictos<\/p><div class=\"wp-block-ub-content-toggle-accordion-toggle-wrap right\"><span class=\"wp-block-ub-content-toggle-accordion-state-indicator wp-block-ub-chevron-down\"><\/span>\n                    <\/div><\/div><div role=\"region\" aria-expanded=\"false\" class=\"wp-block-ub-content-toggle-accordion-content-wrap ub-hide\" id=\"ub-content-toggle-panel-5-d9ee81cd-66bc-4a23-b8b6-f8562955194e\">\n\n<div class=\"wp-block-columns is-layout-flex wp-container-core-columns-is-layout-9d6595d7 wp-block-columns-is-layout-flex\">\n<div class=\"wp-block-column is-layout-flow wp-block-column-is-layout-flow\">\n<div class=\"wp-block-cover is-light\" style=\"min-height:500px;aspect-ratio:unset;\"><span aria-hidden=\"true\" class=\"wp-block-cover__background has-background-dim-0 has-background-dim\"><\/span><img loading=\"lazy\" decoding=\"async\" width=\"2560\" height=\"1707\" class=\"wp-block-cover__image-background wp-image-157\" alt=\"\" src=\"https:\/\/ml-advocats.com\/wp-content\/uploads\/2023\/04\/ADR-scaled.jpg\" data-object-fit=\"cover\" srcset=\"https:\/\/ml-advocats.com\/wp-content\/uploads\/2023\/04\/ADR-scaled.jpg 2560w, https:\/\/ml-advocats.com\/wp-content\/uploads\/2023\/04\/ADR-300x200.jpg 300w, https:\/\/ml-advocats.com\/wp-content\/uploads\/2023\/04\/ADR-1024x683.jpg 1024w, https:\/\/ml-advocats.com\/wp-content\/uploads\/2023\/04\/ADR-768x512.jpg 768w, https:\/\/ml-advocats.com\/wp-content\/uploads\/2023\/04\/ADR-1536x1024.jpg 1536w, https:\/\/ml-advocats.com\/wp-content\/uploads\/2023\/04\/ADR-2048x1365.jpg 2048w, https:\/\/ml-advocats.com\/wp-content\/uploads\/2023\/04\/ADR-360x240.jpg 360w\" sizes=\"auto, (max-width: 2560px) 100vw, 2560px\" \/><div class=\"wp-block-cover__inner-container is-layout-flow wp-block-cover-is-layout-flow\">\n<p class=\"has-text-align-center has-white-color has-text-color has-large-font-size\"><\/p>\n<\/div><\/div>\n<\/div>\n\n\n\n<div class=\"wp-block-column is-layout-flow wp-block-column-is-layout-flow\">\n<p>La <strong>resoluci\u00f3n de conflictos<\/strong> entre particulares utilizando la v\u00eda judicial no siempre es la mejor opci\u00f3n.<\/p>\n\n\n\n<p>Esta decisi\u00f3n comporta tiempo, a menudo desgaste personal y no siempre se obtiene satisfacci\u00f3n por la resoluci\u00f3n judicial obtenida.<\/p>\n\n\n\n<p>Existen otros medios alternativos que pueden entrar en juego, seg\u00fan el caso, y que pueden aportar mayor eficacia resolutiva al conflicto como son:<\/p>\n\n\n\n<ul class=\"wp-block-list\">\n<li>La mediaci\u00f3n: se trata de un procedimiento al que se acogen voluntariamente las partes para encontrar, juntas, con la ayuda profesional de un mediador\/a completamente imparcial, la soluci\u00f3n al conflicto, llegando a construir un &#8220;acuerdo de mediaci\u00f3n&#8221; que puede elevarse a p\u00fablico y que tiene la misma fuerza vinculante que una sentencia.<\/li>\n<\/ul>\n\n\n\n<ul class=\"wp-block-list\">\n<li>La conciliaci\u00f3n: es un procedimiento de caracter\u00edsticas similares pero en cuyo marco un tercer imparcial ofrece propuestas de soluciones.<\/li>\n\n\n\n<li>El arbitraje: se trata de recurrir ante un tribunal compuesto de t\u00e9cnicos en la materia objeto de controversia que decide al respecto emitiendo un &#8220;laudo arbitral&#8221;.<\/li>\n<\/ul>\n\n\n\n<p>Ofrecemos un servicio de asesoramiento y acompa\u00f1amiento en estos procesos.<\/p>\n\n\n\n<p>Asesoramiento para diagnosticar qu\u00e9 supuesto puede convenir mejor en el caso planteado y acompa\u00f1amiento para la defensa de los intereses del cliente en el marco del procedimiento escogido.<\/p>\n\n\n\n<p>Particularmente ofrecemos un servicio propio y espec\u00edfico en mediaci\u00f3n con profesionales acreditados e inscritos en el Registro de Mediadores de Andorra.<\/p>\n<\/div>\n<\/div>\n\n<\/div><\/div>\n<\/div>","protected":false},"excerpt":{"rendered":"","protected":false},"author":1,"featured_media":0,"parent":0,"menu_order":0,"comment_status":"closed","ping_status":"closed","template":"","meta":{"ub_ctt_via":"","footnotes":""},"class_list":["post-266","page","type-page","status-publish","hentry"],"featured_image_src":null,"_links":{"self":[{"href":"https:\/\/ml-advocats.com\/index.php\/wp-json\/wp\/v2\/pages\/266","targetHints":{"allow":["GET"]}}],"collection":[{"href":"https:\/\/ml-advocats.com\/index.php\/wp-json\/wp\/v2\/pages"}],"about":[{"href":"https:\/\/ml-advocats.com\/index.php\/wp-json\/wp\/v2\/types\/page"}],"author":[{"embeddable":true,"href":"https:\/\/ml-advocats.com\/index.php\/wp-json\/wp\/v2\/users\/1"}],"replies":[{"embeddable":true,"href":"https:\/\/ml-advocats.com\/index.php\/wp-json\/wp\/v2\/comments?post=266"}],"version-history":[{"count":2,"href":"https:\/\/ml-advocats.com\/index.php\/wp-json\/wp\/v2\/pages\/266\/revisions"}],"predecessor-version":[{"id":270,"href":"https:\/\/ml-advocats.com\/index.php\/wp-json\/wp\/v2\/pages\/266\/revisions\/270"}],"wp:attachment":[{"href":"https:\/\/ml-advocats.com\/index.php\/wp-json\/wp\/v2\/media?parent=266"}],"curies":[{"name":"wp","href":"https:\/\/api.w.org\/{rel}","templated":true}]}}