{"id":282,"date":"2023-08-15T17:06:18","date_gmt":"2023-08-15T16:06:18","guid":{"rendered":"https:\/\/ml-advocats.com\/?page_id=282"},"modified":"2023-08-15T17:06:19","modified_gmt":"2023-08-15T16:06:19","slug":"espaces-de-travail","status":"publish","type":"page","link":"https:\/\/ml-advocats.com\/index.php\/fr\/espaces-de-travail\/","title":{"rendered":"Espaces de travail"},"content":{"rendered":"<div class=\"wp-block-ub-content-toggle\" id=\"ub-content-toggle-8434f51e-a750-40b8-9660-b2191f38b782\" data-mobilecollapse=\"true\" data-desktopcollapse=\"true\">\n<div class=\"wp-block-ub-content-toggle-accordion\" id=\"ub-content-toggle-panel-block-\">\n                <div class=\"wp-block-ub-content-toggle-accordion-title-wrap\"\" aria-controls=\"ub-content-toggle-panel-0-8434f51e-a750-40b8-9660-b2191f38b782\" tabindex=\"0\">\n                    <p class=\"wp-block-ub-content-toggle-accordion-title ub-content-toggle-title-8434f51e-a750-40b8-9660-b2191f38b782\">Droit penal<\/p><div class=\"wp-block-ub-content-toggle-accordion-toggle-wrap right\"><span class=\"wp-block-ub-content-toggle-accordion-state-indicator wp-block-ub-chevron-down\"><\/span>\n                    <\/div><\/div><div role=\"region\" aria-expanded=\"false\" class=\"wp-block-ub-content-toggle-accordion-content-wrap ub-hide\" id=\"ub-content-toggle-panel-0-8434f51e-a750-40b8-9660-b2191f38b782\">\n\n<div class=\"wp-block-columns is-layout-flex wp-container-core-columns-is-layout-9d6595d7 wp-block-columns-is-layout-flex\">\n<div class=\"wp-block-column is-layout-flow wp-block-column-is-layout-flow\">\n<div class=\"wp-block-cover is-light\" style=\"min-height:500px;aspect-ratio:unset;\"><span aria-hidden=\"true\" class=\"wp-block-cover__background has-black-background-color has-background-dim-0 has-background-dim\"><\/span><img loading=\"lazy\" decoding=\"async\" width=\"1757\" height=\"2560\" class=\"wp-block-cover__image-background wp-image-147\" alt=\"\" src=\"https:\/\/ml-advocats.com\/wp-content\/uploads\/2023\/04\/Derecho-penal-scaled.jpg\" data-object-fit=\"cover\" srcset=\"https:\/\/ml-advocats.com\/wp-content\/uploads\/2023\/04\/Derecho-penal-scaled.jpg 1757w, https:\/\/ml-advocats.com\/wp-content\/uploads\/2023\/04\/Derecho-penal-206x300.jpg 206w, https:\/\/ml-advocats.com\/wp-content\/uploads\/2023\/04\/Derecho-penal-703x1024.jpg 703w, https:\/\/ml-advocats.com\/wp-content\/uploads\/2023\/04\/Derecho-penal-768x1119.jpg 768w, https:\/\/ml-advocats.com\/wp-content\/uploads\/2023\/04\/Derecho-penal-1054x1536.jpg 1054w, https:\/\/ml-advocats.com\/wp-content\/uploads\/2023\/04\/Derecho-penal-1406x2048.jpg 1406w\" sizes=\"auto, (max-width: 1757px) 100vw, 1757px\" \/><div class=\"wp-block-cover__inner-container is-layout-flow wp-block-cover-is-layout-flow\">\n<p class=\"has-text-align-center has-white-color has-text-color has-large-font-size\"><\/p>\n<\/div><\/div>\n<\/div>\n\n\n\n<div class=\"wp-block-column is-layout-flow wp-block-column-is-layout-flow\">\n<p>Le <strong>droit p\u00e9nal<\/strong> est l&#8217;ensemble des r\u00e8gles juridiques qui associent le crime \u00e0 une sanction et\/ou \u00e0 des mesures de s\u00e9curit\u00e9, en tant que cons\u00e9quence juridique. Le droit p\u00e9nal d\u00e9crit des comportements qui ont \u00e9t\u00e9 \u00e9valu\u00e9s n\u00e9gativement par le l\u00e9gislateur, et en fin de compte par la soci\u00e9t\u00e9, et pour cette raison ils sont d\u00e9clar\u00e9s criminels et leur ex\u00e9cution est punie.<\/p>\n\n\n\n<p>Dans ce domaine, nous offrons des services de pr\u00e9vention et d&#8217;assistance aux personnes physiques et morales.<\/p>\n\n\n\n<ul class=\"wp-block-list\">\n<li>Pr\u00e9vention dans le cadre d&#8217;un service de conseil pr\u00e9cis, notamment dans le domaine \u00e9conomique et commercial face \u00e0 des r\u00e9glementations de plus en plus larges et strictes.<\/li>\n\n\n\n<li>Assistance proc\u00e9durale dans le cadre de la l\u00e9gitime d\u00e9fense ou pour engager des poursuites.<\/li>\n<\/ul>\n<\/div>\n<\/div>\n\n<\/div><\/div>\n\n<div class=\"wp-block-ub-content-toggle-accordion\" id=\"ub-content-toggle-panel-block-\">\n                <div class=\"wp-block-ub-content-toggle-accordion-title-wrap\"\" aria-controls=\"ub-content-toggle-panel-1-8434f51e-a750-40b8-9660-b2191f38b782\" tabindex=\"0\">\n                    <p class=\"wp-block-ub-content-toggle-accordion-title ub-content-toggle-title-8434f51e-a750-40b8-9660-b2191f38b782\">Droit civil<\/p><div class=\"wp-block-ub-content-toggle-accordion-toggle-wrap right\"><span class=\"wp-block-ub-content-toggle-accordion-state-indicator wp-block-ub-chevron-down\"><\/span>\n                    <\/div><\/div><div role=\"region\" aria-expanded=\"false\" class=\"wp-block-ub-content-toggle-accordion-content-wrap ub-hide\" id=\"ub-content-toggle-panel-1-8434f51e-a750-40b8-9660-b2191f38b782\">\n\n<div class=\"wp-block-columns is-layout-flex wp-container-core-columns-is-layout-9d6595d7 wp-block-columns-is-layout-flex\">\n<div class=\"wp-block-column is-layout-flow wp-block-column-is-layout-flow\">\n<div class=\"wp-block-cover is-light\" style=\"min-height:500px;aspect-ratio:unset;\"><span aria-hidden=\"true\" class=\"wp-block-cover__background has-background-dim-0 has-background-dim\"><\/span><img loading=\"lazy\" decoding=\"async\" width=\"2560\" height=\"1702\" class=\"wp-block-cover__image-background wp-image-153\" alt=\"\" src=\"https:\/\/ml-advocats.com\/wp-content\/uploads\/2023\/04\/Dret-civil-scaled.jpg\" data-object-fit=\"cover\" srcset=\"https:\/\/ml-advocats.com\/wp-content\/uploads\/2023\/04\/Dret-civil-scaled.jpg 2560w, https:\/\/ml-advocats.com\/wp-content\/uploads\/2023\/04\/Dret-civil-300x199.jpg 300w, https:\/\/ml-advocats.com\/wp-content\/uploads\/2023\/04\/Dret-civil-1024x681.jpg 1024w, https:\/\/ml-advocats.com\/wp-content\/uploads\/2023\/04\/Dret-civil-768x511.jpg 768w, https:\/\/ml-advocats.com\/wp-content\/uploads\/2023\/04\/Dret-civil-1536x1021.jpg 1536w, https:\/\/ml-advocats.com\/wp-content\/uploads\/2023\/04\/Dret-civil-2048x1362.jpg 2048w, https:\/\/ml-advocats.com\/wp-content\/uploads\/2023\/04\/Dret-civil-360x240.jpg 360w\" sizes=\"auto, (max-width: 2560px) 100vw, 2560px\" \/><div class=\"wp-block-cover__inner-container is-layout-flow wp-block-cover-is-layout-flow\">\n<p class=\"has-text-align-center has-white-color has-text-color has-large-font-size\"><\/p>\n<\/div><\/div>\n<\/div>\n\n\n\n<div class=\"wp-block-column is-layout-flow wp-block-column-is-layout-flow\">\n<p>Le <strong>droit civil<\/strong> est l&#8217;ensemble des r\u00e8gles et des principes juridiques qui r\u00e9gissent les relations personnelles ou patrimoniales entre les particuliers, tant physiques que juridiques, ou, en termes g\u00e9n\u00e9raux, les r\u00e8gles et les principes qui r\u00e9gissent les relations les plus g\u00e9n\u00e9rales et les plus quotidiennes de la vie des personnes, en consid\u00e9rant les personnes en tant que telles, comme des sujets de droit.<\/p>\n\n\n\n<p>Nous offrons nos services aussi bien dans la sph\u00e8re priv\u00e9e du conseil, de la d\u00e9fense des propres int\u00e9r\u00eats, de la n\u00e9gociation, ainsi que dans les domaines suivants lorsqu&#8217;il est n\u00e9cessaire de recourir aux organes judiciaires:<\/p>\n\n\n\n<ul class=\"wp-block-list\">\n<li>Famille : R\u00e9gimes matrimoniaux, s\u00e9parations et divorces, \u00e9mancipations, tutelles,&#8230;<\/li>\n\n\n\n<li>Successions<\/li>\n\n\n\n<li>R\u00e9daction et r\u00e9vision des contrats<\/li>\n<\/ul>\n<\/div>\n<\/div>\n\n<\/div><\/div>\n\n<div class=\"wp-block-ub-content-toggle-accordion\" id=\"ub-content-toggle-panel-block-\">\n                <div class=\"wp-block-ub-content-toggle-accordion-title-wrap\"\" aria-controls=\"ub-content-toggle-panel-2-8434f51e-a750-40b8-9660-b2191f38b782\" tabindex=\"0\">\n                    <p class=\"wp-block-ub-content-toggle-accordion-title ub-content-toggle-title-8434f51e-a750-40b8-9660-b2191f38b782\">Droit comercial<\/p><div class=\"wp-block-ub-content-toggle-accordion-toggle-wrap right\"><span class=\"wp-block-ub-content-toggle-accordion-state-indicator wp-block-ub-chevron-down\"><\/span>\n                    <\/div><\/div><div role=\"region\" aria-expanded=\"false\" class=\"wp-block-ub-content-toggle-accordion-content-wrap ub-hide\" id=\"ub-content-toggle-panel-2-8434f51e-a750-40b8-9660-b2191f38b782\">\n\n<div class=\"wp-block-columns is-layout-flex wp-container-core-columns-is-layout-9d6595d7 wp-block-columns-is-layout-flex\">\n<div class=\"wp-block-column is-layout-flow wp-block-column-is-layout-flow\">\n<div class=\"wp-block-cover is-light\" style=\"min-height:500px;aspect-ratio:unset;\"><span aria-hidden=\"true\" class=\"wp-block-cover__background has-background-dim-0 has-background-dim\"><\/span><img loading=\"lazy\" decoding=\"async\" width=\"2560\" height=\"1920\" class=\"wp-block-cover__image-background wp-image-152\" alt=\"\" src=\"https:\/\/ml-advocats.com\/wp-content\/uploads\/2023\/04\/Derecho-mercantil-1-2-scaled.jpg\" data-object-fit=\"cover\" srcset=\"https:\/\/ml-advocats.com\/wp-content\/uploads\/2023\/04\/Derecho-mercantil-1-2-scaled.jpg 2560w, https:\/\/ml-advocats.com\/wp-content\/uploads\/2023\/04\/Derecho-mercantil-1-2-300x225.jpg 300w, https:\/\/ml-advocats.com\/wp-content\/uploads\/2023\/04\/Derecho-mercantil-1-2-1024x768.jpg 1024w, https:\/\/ml-advocats.com\/wp-content\/uploads\/2023\/04\/Derecho-mercantil-1-2-768x576.jpg 768w, https:\/\/ml-advocats.com\/wp-content\/uploads\/2023\/04\/Derecho-mercantil-1-2-1536x1152.jpg 1536w, https:\/\/ml-advocats.com\/wp-content\/uploads\/2023\/04\/Derecho-mercantil-1-2-2048x1536.jpg 2048w\" sizes=\"auto, (max-width: 2560px) 100vw, 2560px\" \/><div class=\"wp-block-cover__inner-container is-layout-flow wp-block-cover-is-layout-flow\">\n<p class=\"has-text-align-center has-white-color has-text-color has-large-font-size\"><\/p>\n<\/div><\/div>\n<\/div>\n\n\n\n<div class=\"wp-block-column is-layout-flow wp-block-column-is-layout-flow\">\n<p>Le <strong>droit commercial<\/strong> est l&#8217;ensemble des r\u00e8gles juridiques relatives aux commer\u00e7ants dans l&#8217;exercice de leur profession, aux actes de commerce l\u00e9galement qualifi\u00e9s comme tels et aux relations juridiques d\u00e9coulant de leur ex\u00e9cution.<\/p>\n\n\n\n<p>En Andorre, le droit commercial n&#8217;a pas de juridiction sp\u00e9cifique, mais ce sont les m\u00eames organes juridictionnels qui s&#8217;occupent du droit civil qui sont comp\u00e9tents dans ce domaine.<\/p>\n\n\n\n<p>Dans ce domaine, nous offrons \u00e0 la fois nos propres services de d\u00e9fense juridictionnelle tels que:<\/p>\n\n\n\n<ul class=\"wp-block-list\">\n<li>La constitution de soci\u00e9t\u00e9s et tous les diff\u00e9rents cas envisag\u00e9s dans la vie sociale (r\u00e9daction et modification des statuts, pactes d&#8217;actionnaires, augmentation de capital, achat et vente d&#8217;actions ou de participations, dissolutions, fusions, etc.)<\/li>\n<\/ul>\n\n\n\n<ul class=\"wp-block-list\">\n<li>R\u00e9daction de divers documents li\u00e9s \u00e0 l&#8217;activit\u00e9 de l&#8217;entreprise : cr\u00e9ation d&#8217;entreprise, investissement \u00e0 l&#8217;\u00e9tranger, ouverture de commerce, etc.<\/li>\n<\/ul>\n\n\n\n<ul class=\"wp-block-list\">\n<li>Assistance dans les n\u00e9gociations et les transactions.<\/li>\n<\/ul>\n<\/div>\n<\/div>\n\n<\/div><\/div>\n\n<div class=\"wp-block-ub-content-toggle-accordion\" id=\"ub-content-toggle-panel-block-\">\n                <div class=\"wp-block-ub-content-toggle-accordion-title-wrap\"\" aria-controls=\"ub-content-toggle-panel-3-8434f51e-a750-40b8-9660-b2191f38b782\" tabindex=\"0\">\n                    <p class=\"wp-block-ub-content-toggle-accordion-title ub-content-toggle-title-8434f51e-a750-40b8-9660-b2191f38b782\">Droit administratif<\/p><div class=\"wp-block-ub-content-toggle-accordion-toggle-wrap right\"><span class=\"wp-block-ub-content-toggle-accordion-state-indicator wp-block-ub-chevron-down\"><\/span>\n                    <\/div><\/div><div role=\"region\" aria-expanded=\"false\" class=\"wp-block-ub-content-toggle-accordion-content-wrap ub-hide\" id=\"ub-content-toggle-panel-3-8434f51e-a750-40b8-9660-b2191f38b782\">\n\n<div class=\"wp-block-columns is-layout-flex wp-container-core-columns-is-layout-9d6595d7 wp-block-columns-is-layout-flex\">\n<div class=\"wp-block-column is-layout-flow wp-block-column-is-layout-flow\">\n<div class=\"wp-block-cover\" style=\"min-height:500px;aspect-ratio:unset;\"><span aria-hidden=\"true\" class=\"wp-block-cover__background has-background-dim-0 has-background-dim\"><\/span><img loading=\"lazy\" decoding=\"async\" width=\"2560\" height=\"1709\" class=\"wp-block-cover__image-background wp-image-165\" alt=\"\" src=\"https:\/\/ml-advocats.com\/wp-content\/uploads\/2023\/04\/Admins-scaled.jpg\" data-object-fit=\"cover\" srcset=\"https:\/\/ml-advocats.com\/wp-content\/uploads\/2023\/04\/Admins-scaled.jpg 2560w, https:\/\/ml-advocats.com\/wp-content\/uploads\/2023\/04\/Admins-300x200.jpg 300w, https:\/\/ml-advocats.com\/wp-content\/uploads\/2023\/04\/Admins-1024x684.jpg 1024w, https:\/\/ml-advocats.com\/wp-content\/uploads\/2023\/04\/Admins-768x513.jpg 768w, https:\/\/ml-advocats.com\/wp-content\/uploads\/2023\/04\/Admins-1536x1025.jpg 1536w, https:\/\/ml-advocats.com\/wp-content\/uploads\/2023\/04\/Admins-2048x1367.jpg 2048w, https:\/\/ml-advocats.com\/wp-content\/uploads\/2023\/04\/Admins-360x240.jpg 360w\" sizes=\"auto, (max-width: 2560px) 100vw, 2560px\" \/><div class=\"wp-block-cover__inner-container is-layout-flow wp-block-cover-is-layout-flow\">\n<p class=\"has-text-align-center has-large-font-size\"><\/p>\n<\/div><\/div>\n<\/div>\n\n\n\n<div class=\"wp-block-column is-layout-flow wp-block-column-is-layout-flow\">\n<p>Le <strong>droit administratif<\/strong> est l&#8217;ensemble des r\u00e8gles juridiques qui r\u00e9gissent l&#8217;organisation, le fonctionnement et les attributions de l&#8217;administration publique dans ses relations avec les particuliers et les autres administrations publiques.<\/p>\n\n\n\n<p>Nous fournissons nos services dans le domaine contentieux dans tous les types de proc\u00e9dures administratives telles que : l&#8217;immigration, les expulsions, les sanctions administratives communales ou gouvernementales, entre autres&#8230;<\/p>\n<\/div>\n<\/div>\n\n<\/div><\/div>\n\n<div class=\"wp-block-ub-content-toggle-accordion\" id=\"ub-content-toggle-panel-block-\">\n                <div class=\"wp-block-ub-content-toggle-accordion-title-wrap\"\" aria-controls=\"ub-content-toggle-panel-4-8434f51e-a750-40b8-9660-b2191f38b782\" tabindex=\"0\">\n                    <p class=\"wp-block-ub-content-toggle-accordion-title ub-content-toggle-title-8434f51e-a750-40b8-9660-b2191f38b782\">Droit fiscal<\/p><div class=\"wp-block-ub-content-toggle-accordion-toggle-wrap right\"><span class=\"wp-block-ub-content-toggle-accordion-state-indicator wp-block-ub-chevron-down\"><\/span>\n                    <\/div><\/div><div role=\"region\" aria-expanded=\"false\" class=\"wp-block-ub-content-toggle-accordion-content-wrap ub-hide\" id=\"ub-content-toggle-panel-4-8434f51e-a750-40b8-9660-b2191f38b782\">\n\n<div class=\"wp-block-columns is-layout-flex wp-container-core-columns-is-layout-9d6595d7 wp-block-columns-is-layout-flex\">\n<div class=\"wp-block-column is-layout-flow wp-block-column-is-layout-flow\">\n<div class=\"wp-block-cover is-light\" style=\"min-height:500px;aspect-ratio:unset;\"><span aria-hidden=\"true\" class=\"wp-block-cover__background has-background-dim-0 has-background-dim\"><\/span><img loading=\"lazy\" decoding=\"async\" width=\"2560\" height=\"1707\" class=\"wp-block-cover__image-background wp-image-149\" alt=\"\" src=\"https:\/\/ml-advocats.com\/wp-content\/uploads\/2023\/04\/Dret-fiscal-scaled.jpg\" data-object-fit=\"cover\" srcset=\"https:\/\/ml-advocats.com\/wp-content\/uploads\/2023\/04\/Dret-fiscal-scaled.jpg 2560w, https:\/\/ml-advocats.com\/wp-content\/uploads\/2023\/04\/Dret-fiscal-300x200.jpg 300w, https:\/\/ml-advocats.com\/wp-content\/uploads\/2023\/04\/Dret-fiscal-1024x683.jpg 1024w, https:\/\/ml-advocats.com\/wp-content\/uploads\/2023\/04\/Dret-fiscal-768x512.jpg 768w, https:\/\/ml-advocats.com\/wp-content\/uploads\/2023\/04\/Dret-fiscal-1536x1024.jpg 1536w, https:\/\/ml-advocats.com\/wp-content\/uploads\/2023\/04\/Dret-fiscal-2048x1365.jpg 2048w, https:\/\/ml-advocats.com\/wp-content\/uploads\/2023\/04\/Dret-fiscal-360x240.jpg 360w\" sizes=\"auto, (max-width: 2560px) 100vw, 2560px\" \/><div class=\"wp-block-cover__inner-container is-layout-flow wp-block-cover-is-layout-flow\">\n<p class=\"has-text-align-center has-white-color has-text-color has-large-font-size\"><\/p>\n<\/div><\/div>\n<\/div>\n\n\n\n<div class=\"wp-block-column is-layout-flow wp-block-column-is-layout-flow\">\n<p>Le <strong>droit fiscal<\/strong> est une partie du droit administratif relatif aux finances publiques qui r\u00e9git la perception des recettes de l&#8217;\u00c9tat, notamment par le biais du syst\u00e8me fiscal, et leur utilisation dans les d\u00e9penses publiques.<\/p>\n\n\n\n<p>Nous intervenons dans les proc\u00e9dures contentieuses dans ce domaine.<\/p>\n\n\n\n<p>Nous ne fournissons pas un service complet de conseil fiscal, mais nous pouvons apporter le soutien d&#8217;experts professionnels dans ce domaine.<\/p>\n<\/div>\n<\/div>\n\n<\/div><\/div>\n\n<div class=\"wp-block-ub-content-toggle-accordion\" id=\"ub-content-toggle-panel-block-\">\n                <div class=\"wp-block-ub-content-toggle-accordion-title-wrap\"\" aria-controls=\"ub-content-toggle-panel-5-8434f51e-a750-40b8-9660-b2191f38b782\" tabindex=\"0\">\n                    <p class=\"wp-block-ub-content-toggle-accordion-title ub-content-toggle-title-8434f51e-a750-40b8-9660-b2191f38b782\">Autres moyens de r\u00e9solutions de conflicts<\/p><div class=\"wp-block-ub-content-toggle-accordion-toggle-wrap right\"><span class=\"wp-block-ub-content-toggle-accordion-state-indicator wp-block-ub-chevron-down\"><\/span>\n                    <\/div><\/div><div role=\"region\" aria-expanded=\"false\" class=\"wp-block-ub-content-toggle-accordion-content-wrap ub-hide\" id=\"ub-content-toggle-panel-5-8434f51e-a750-40b8-9660-b2191f38b782\">\n\n<div class=\"wp-block-columns is-layout-flex wp-container-core-columns-is-layout-9d6595d7 wp-block-columns-is-layout-flex\">\n<div class=\"wp-block-column is-layout-flow wp-block-column-is-layout-flow\">\n<div class=\"wp-block-cover is-light\" style=\"min-height:500px;aspect-ratio:unset;\"><span aria-hidden=\"true\" class=\"wp-block-cover__background has-background-dim-0 has-background-dim\"><\/span><img loading=\"lazy\" decoding=\"async\" width=\"2560\" height=\"1707\" class=\"wp-block-cover__image-background wp-image-157\" alt=\"\" src=\"https:\/\/ml-advocats.com\/wp-content\/uploads\/2023\/04\/ADR-scaled.jpg\" data-object-fit=\"cover\" srcset=\"https:\/\/ml-advocats.com\/wp-content\/uploads\/2023\/04\/ADR-scaled.jpg 2560w, https:\/\/ml-advocats.com\/wp-content\/uploads\/2023\/04\/ADR-300x200.jpg 300w, https:\/\/ml-advocats.com\/wp-content\/uploads\/2023\/04\/ADR-1024x683.jpg 1024w, https:\/\/ml-advocats.com\/wp-content\/uploads\/2023\/04\/ADR-768x512.jpg 768w, https:\/\/ml-advocats.com\/wp-content\/uploads\/2023\/04\/ADR-1536x1024.jpg 1536w, https:\/\/ml-advocats.com\/wp-content\/uploads\/2023\/04\/ADR-2048x1365.jpg 2048w, https:\/\/ml-advocats.com\/wp-content\/uploads\/2023\/04\/ADR-360x240.jpg 360w\" sizes=\"auto, (max-width: 2560px) 100vw, 2560px\" \/><div class=\"wp-block-cover__inner-container is-layout-flow wp-block-cover-is-layout-flow\">\n<p class=\"has-text-align-center has-white-color has-text-color has-large-font-size\"><\/p>\n<\/div><\/div>\n<\/div>\n\n\n\n<div class=\"wp-block-column is-layout-flow wp-block-column-is-layout-flow\">\n<p>La <strong>r\u00e9solution des litiges<\/strong> entre particuliers par la voie judiciaire n&#8217;est pas toujours la meilleure solution.<\/p>\n\n\n\n<p>Cette d\u00e9cision prend du temps, implique souvent un effort personnel et n&#8217;est pas toujours satisfaisante quant \u00e0 la r\u00e9solution judiciaire obtenue.<\/p>\n\n\n\n<p>Il existe d&#8217;autres moyens alternatifs qui peuvent entrer en jeu, selon les cas, et qui peuvent apporter une plus grande efficacit\u00e9 dans la r\u00e9solution du conflit:<\/p>\n\n\n\n<ul class=\"wp-block-list\">\n<li>La m\u00e9diation : il s&#8217;agit d&#8217;une proc\u00e9dure dans laquelle les parties se r\u00e9unissent volontairement, avec l&#8217;aide professionnelle d&#8217;un m\u00e9diateur totalement impartial, pour trouver une solution au conflit, en parvenant \u00e0 un &#8220;accord de m\u00e9diation&#8221; qui peut \u00eatre rendu public et qui a la m\u00eame force contraignante qu&#8217;une sentence.<\/li>\n<\/ul>\n\n\n\n<ul class=\"wp-block-list\">\n<li>Conciliation : il s&#8217;agit d&#8217;une proc\u00e9dure pr\u00e9sentant des caract\u00e9ristiques similaires, mais dans laquelle un tiers impartial propose des solutions.<\/li>\n\n\n\n<li>L&#8217;arbitrage : il s&#8217;agit de faire appel \u00e0 un tribunal compos\u00e9 d&#8217;experts dans la mati\u00e8re du litige qui tranchent en \u00e9mettant une &#8220;sentence arbitrale&#8221;.<\/li>\n<\/ul>\n\n\n\n<p>Nous offrons un service de conseil et d&#8217;accompagnement dans ces processus.<\/p>\n\n\n\n<p>Nous offrons un service de conseil et d&#8217;accompagnement dans ces proc\u00e9dures : conseil pour diagnostiquer le sc\u00e9nario le mieux adapt\u00e9 au cas et accompagnement pour d\u00e9fendre les int\u00e9r\u00eats du client dans le cadre de la proc\u00e9dure choisie.<\/p>\n\n\n\n<p>En particulier, nous offrons un service de m\u00e9diation sp\u00e9cifique avec des professionnels accr\u00e9dit\u00e9s inscrits au registre andorran des m\u00e9diateurs.<\/p>\n<\/div>\n<\/div>\n\n<\/div><\/div>\n<\/div>","protected":false},"excerpt":{"rendered":"","protected":false},"author":1,"featured_media":0,"parent":0,"menu_order":0,"comment_status":"closed","ping_status":"closed","template":"","meta":{"ub_ctt_via":"","footnotes":""},"class_list":["post-282","page","type-page","status-publish","hentry"],"featured_image_src":null,"_links":{"self":[{"href":"https:\/\/ml-advocats.com\/index.php\/wp-json\/wp\/v2\/pages\/282","targetHints":{"allow":["GET"]}}],"collection":[{"href":"https:\/\/ml-advocats.com\/index.php\/wp-json\/wp\/v2\/pages"}],"about":[{"href":"https:\/\/ml-advocats.com\/index.php\/wp-json\/wp\/v2\/types\/page"}],"author":[{"embeddable":true,"href":"https:\/\/ml-advocats.com\/index.php\/wp-json\/wp\/v2\/users\/1"}],"replies":[{"embeddable":true,"href":"https:\/\/ml-advocats.com\/index.php\/wp-json\/wp\/v2\/comments?post=282"}],"version-history":[{"count":1,"href":"https:\/\/ml-advocats.com\/index.php\/wp-json\/wp\/v2\/pages\/282\/revisions"}],"predecessor-version":[{"id":283,"href":"https:\/\/ml-advocats.com\/index.php\/wp-json\/wp\/v2\/pages\/282\/revisions\/283"}],"wp:attachment":[{"href":"https:\/\/ml-advocats.com\/index.php\/wp-json\/wp\/v2\/media?parent=282"}],"curies":[{"name":"wp","href":"https:\/\/api.w.org\/{rel}","templated":true}]}}