{"id":56,"date":"2023-04-09T17:32:10","date_gmt":"2023-04-09T16:32:10","guid":{"rendered":"https:\/\/ml-advocats.com\/?page_id=56"},"modified":"2024-06-10T18:26:29","modified_gmt":"2024-06-10T17:26:29","slug":"arees-de-treball","status":"publish","type":"page","link":"https:\/\/ml-advocats.com\/index.php\/arees-de-treball\/","title":{"rendered":"\u00c0rees de treball"},"content":{"rendered":"<div class=\"wp-block-ub-content-toggle\" id=\"ub-content-toggle-368cda04-1df3-4fea-97e7-37a65fc3dc8a\" data-mobilecollapse=\"true\" data-desktopcollapse=\"true\">\n<div class=\"wp-block-ub-content-toggle-accordion\" id=\"ub-content-toggle-panel-block-17368b78-6deb-4de7-a67b-03d2bc2370b2\">\n                <div class=\"wp-block-ub-content-toggle-accordion-title-wrap\"\" aria-controls=\"ub-content-toggle-panel-0-368cda04-1df3-4fea-97e7-37a65fc3dc8a\" tabindex=\"0\">\n                    <p class=\"wp-block-ub-content-toggle-accordion-title ub-content-toggle-title-368cda04-1df3-4fea-97e7-37a65fc3dc8a\">Dret penal<\/p><div class=\"wp-block-ub-content-toggle-accordion-toggle-wrap right\"><span class=\"wp-block-ub-content-toggle-accordion-state-indicator wp-block-ub-chevron-down\"><\/span>\n                    <\/div><\/div><div role=\"region\" aria-expanded=\"false\" class=\"wp-block-ub-content-toggle-accordion-content-wrap ub-hide\" id=\"ub-content-toggle-panel-0-368cda04-1df3-4fea-97e7-37a65fc3dc8a\">\n\n<div class=\"wp-block-columns is-layout-flex wp-container-core-columns-is-layout-9d6595d7 wp-block-columns-is-layout-flex\">\n<div class=\"wp-block-column is-layout-flow wp-block-column-is-layout-flow\">\n<div class=\"wp-block-cover is-light\" style=\"min-height:500px;aspect-ratio:unset;\"><span aria-hidden=\"true\" class=\"wp-block-cover__background has-black-background-color has-background-dim-0 has-background-dim\"><\/span><img loading=\"lazy\" decoding=\"async\" width=\"1757\" height=\"2560\" class=\"wp-block-cover__image-background wp-image-147\" alt=\"\" src=\"https:\/\/ml-advocats.com\/wp-content\/uploads\/2023\/04\/Derecho-penal-scaled.jpg\" data-object-fit=\"cover\" srcset=\"https:\/\/ml-advocats.com\/wp-content\/uploads\/2023\/04\/Derecho-penal-scaled.jpg 1757w, https:\/\/ml-advocats.com\/wp-content\/uploads\/2023\/04\/Derecho-penal-206x300.jpg 206w, https:\/\/ml-advocats.com\/wp-content\/uploads\/2023\/04\/Derecho-penal-703x1024.jpg 703w, https:\/\/ml-advocats.com\/wp-content\/uploads\/2023\/04\/Derecho-penal-768x1119.jpg 768w, https:\/\/ml-advocats.com\/wp-content\/uploads\/2023\/04\/Derecho-penal-1054x1536.jpg 1054w, https:\/\/ml-advocats.com\/wp-content\/uploads\/2023\/04\/Derecho-penal-1406x2048.jpg 1406w\" sizes=\"auto, (max-width: 1757px) 100vw, 1757px\" \/><div class=\"wp-block-cover__inner-container is-layout-flow wp-block-cover-is-layout-flow\">\n<p class=\"has-text-align-center has-white-color has-text-color has-large-font-size\"><\/p>\n<\/div><\/div>\n<\/div>\n\n\n\n<div class=\"wp-block-column is-layout-flow wp-block-column-is-layout-flow\">\n<p>El <strong>dret penal<\/strong> \u00e9s el conjunt de&nbsp;normes jur\u00eddiques&nbsp;que associen al&nbsp;delicte, com a pressup\u00f2sit, penes i\/o mesures de seguretat, com a conseq\u00fc\u00e8ncia jur\u00eddica. El dret penal fa una descripci\u00f3 de conductes que han estat valorades negativament pel legislador, i en definitiva per la societat, i per aquest motiu es declaren delictives i la seva execuci\u00f3\u0301 es castiga.<\/p>\n\n\n\n<p>Oferim un servei tant preventiu com d\u2019assist\u00e8ncia en aquest \u00e0mbit tant a persones f\u00edsiques com jur\u00eddiques.<\/p>\n\n\n\n<ul class=\"wp-block-list\">\n<li>Preventiu en el marc d\u2019un acurat servei d\u2019assessorament especialment en l\u2019\u00e0mbit econ\u00f2mic i empresarial davant una normativa cada dia m\u00e9s \u00e0mplia i estricta<\/li>\n\n\n\n<li>Assist\u00e8ncia processal en el marc de la defensa pr\u00f2pia o b\u00e9 per a instar una acusaci\u00f3<\/li>\n<\/ul>\n<\/div>\n<\/div>\n\n<\/div><\/div>\n\n<div class=\"wp-block-ub-content-toggle-accordion\" id=\"ub-content-toggle-panel-block-3b148ea5-14b8-4bca-b2ea-38d22aff7773\">\n                <div class=\"wp-block-ub-content-toggle-accordion-title-wrap\"\" aria-controls=\"ub-content-toggle-panel-1-368cda04-1df3-4fea-97e7-37a65fc3dc8a\" tabindex=\"0\">\n                    <p class=\"wp-block-ub-content-toggle-accordion-title ub-content-toggle-title-368cda04-1df3-4fea-97e7-37a65fc3dc8a\">Dret civil<\/p><div class=\"wp-block-ub-content-toggle-accordion-toggle-wrap right\"><span class=\"wp-block-ub-content-toggle-accordion-state-indicator wp-block-ub-chevron-down\"><\/span>\n                    <\/div><\/div><div role=\"region\" aria-expanded=\"false\" class=\"wp-block-ub-content-toggle-accordion-content-wrap ub-hide\" id=\"ub-content-toggle-panel-1-368cda04-1df3-4fea-97e7-37a65fc3dc8a\">\n\n<div class=\"wp-block-columns is-layout-flex wp-container-core-columns-is-layout-9d6595d7 wp-block-columns-is-layout-flex\">\n<div class=\"wp-block-column is-layout-flow wp-block-column-is-layout-flow\">\n<div class=\"wp-block-cover is-light\" style=\"min-height:500px;aspect-ratio:unset;\"><span aria-hidden=\"true\" class=\"wp-block-cover__background has-background-dim-0 has-background-dim\"><\/span><img loading=\"lazy\" decoding=\"async\" width=\"2560\" height=\"1702\" class=\"wp-block-cover__image-background wp-image-153\" alt=\"\" src=\"https:\/\/ml-advocats.com\/wp-content\/uploads\/2023\/04\/Dret-civil-scaled.jpg\" data-object-fit=\"cover\" srcset=\"https:\/\/ml-advocats.com\/wp-content\/uploads\/2023\/04\/Dret-civil-scaled.jpg 2560w, https:\/\/ml-advocats.com\/wp-content\/uploads\/2023\/04\/Dret-civil-300x199.jpg 300w, https:\/\/ml-advocats.com\/wp-content\/uploads\/2023\/04\/Dret-civil-1024x681.jpg 1024w, https:\/\/ml-advocats.com\/wp-content\/uploads\/2023\/04\/Dret-civil-768x511.jpg 768w, https:\/\/ml-advocats.com\/wp-content\/uploads\/2023\/04\/Dret-civil-1536x1021.jpg 1536w, https:\/\/ml-advocats.com\/wp-content\/uploads\/2023\/04\/Dret-civil-2048x1362.jpg 2048w, https:\/\/ml-advocats.com\/wp-content\/uploads\/2023\/04\/Dret-civil-360x240.jpg 360w\" sizes=\"auto, (max-width: 2560px) 100vw, 2560px\" \/><div class=\"wp-block-cover__inner-container is-layout-flow wp-block-cover-is-layout-flow\">\n<p class=\"has-text-align-center has-white-color has-text-color has-large-font-size\"><\/p>\n<\/div><\/div>\n<\/div>\n\n\n\n<div class=\"wp-block-column is-layout-flow wp-block-column-is-layout-flow\">\n<p>El&nbsp;<strong>dret civil<\/strong>&nbsp;\u00e9s el conjunt de&nbsp;normes jur\u00eddiques&nbsp;i principis que regulen les relacions personals o patrimonials entre persones privades, tant&nbsp;f\u00edsiques&nbsp;com&nbsp;jur\u00eddiques, o en termes generals, com les normes i principis que regulen les relacions m\u00e9s generals i quotidianes de la vida de les persones, considerant les persones quant a tal, com a subjecte de dret.<\/p>\n\n\n\n<p>Oferim els nostres serveis tant en l\u2019\u00e0mbit privat de l\u2019assessorament, la defensa dels interessos propis, de la negociaci\u00f3, com per quan escaigui rec\u00f3rrer als \u00f2rgans judicials, i aix\u00f2 &nbsp;en els seg\u00fcents \u00e0mbits:<\/p>\n\n\n\n<ul class=\"wp-block-list\">\n<li>Fam\u00edlia: R\u00e8gims matrimonials, separacions i divorcis, emancipacions, tuteles,&#8230;<\/li>\n\n\n\n<li>Successions<\/li>\n\n\n\n<li>Redacci\u00f3 i revisi\u00f3 de contractes<\/li>\n<\/ul>\n<\/div>\n<\/div>\n\n<\/div><\/div>\n\n<div class=\"wp-block-ub-content-toggle-accordion\" id=\"ub-content-toggle-panel-block-885266cf-eb10-4883-ac43-d6d2b5d0ab22\">\n                <div class=\"wp-block-ub-content-toggle-accordion-title-wrap\"\" aria-controls=\"ub-content-toggle-panel-2-368cda04-1df3-4fea-97e7-37a65fc3dc8a\" tabindex=\"0\">\n                    <p class=\"wp-block-ub-content-toggle-accordion-title ub-content-toggle-title-368cda04-1df3-4fea-97e7-37a65fc3dc8a\">Dret mercantil o dret comercial<\/p><div class=\"wp-block-ub-content-toggle-accordion-toggle-wrap right\"><span class=\"wp-block-ub-content-toggle-accordion-state-indicator wp-block-ub-chevron-down\"><\/span>\n                    <\/div><\/div><div role=\"region\" aria-expanded=\"false\" class=\"wp-block-ub-content-toggle-accordion-content-wrap ub-hide\" id=\"ub-content-toggle-panel-2-368cda04-1df3-4fea-97e7-37a65fc3dc8a\">\n\n<div class=\"wp-block-columns is-layout-flex wp-container-core-columns-is-layout-9d6595d7 wp-block-columns-is-layout-flex\">\n<div class=\"wp-block-column is-layout-flow wp-block-column-is-layout-flow\">\n<div class=\"wp-block-cover is-light\" style=\"min-height:500px;aspect-ratio:unset;\"><span aria-hidden=\"true\" class=\"wp-block-cover__background has-background-dim-0 has-background-dim\"><\/span><img loading=\"lazy\" decoding=\"async\" width=\"2560\" height=\"1920\" class=\"wp-block-cover__image-background wp-image-152\" alt=\"\" src=\"https:\/\/ml-advocats.com\/wp-content\/uploads\/2023\/04\/Derecho-mercantil-1-2-scaled.jpg\" data-object-fit=\"cover\" srcset=\"https:\/\/ml-advocats.com\/wp-content\/uploads\/2023\/04\/Derecho-mercantil-1-2-scaled.jpg 2560w, https:\/\/ml-advocats.com\/wp-content\/uploads\/2023\/04\/Derecho-mercantil-1-2-300x225.jpg 300w, https:\/\/ml-advocats.com\/wp-content\/uploads\/2023\/04\/Derecho-mercantil-1-2-1024x768.jpg 1024w, https:\/\/ml-advocats.com\/wp-content\/uploads\/2023\/04\/Derecho-mercantil-1-2-768x576.jpg 768w, https:\/\/ml-advocats.com\/wp-content\/uploads\/2023\/04\/Derecho-mercantil-1-2-1536x1152.jpg 1536w, https:\/\/ml-advocats.com\/wp-content\/uploads\/2023\/04\/Derecho-mercantil-1-2-2048x1536.jpg 2048w\" sizes=\"auto, (max-width: 2560px) 100vw, 2560px\" \/><div class=\"wp-block-cover__inner-container is-layout-flow wp-block-cover-is-layout-flow\">\n<p class=\"has-text-align-center has-white-color has-text-color has-large-font-size\"><\/p>\n<\/div><\/div>\n<\/div>\n\n\n\n<div class=\"wp-block-column is-layout-flow wp-block-column-is-layout-flow\">\n<p>El&nbsp;<strong>dret mercantil<\/strong>&nbsp;o&nbsp;<strong>dret comercial<\/strong>&nbsp;\u00e9s el conjunt de normes jur\u00eddiques relatives als comerciants en l&#8217;exercici de la seva professi\u00f3, als actes de comer\u00e7 legalment qualificats com a tals i a les relacions jur\u00eddiques derivades de la seva realitzaci\u00f3<\/p>\n\n\n\n<p>A Andorra el dret mercantil no gaudeix de jurisdicci\u00f3 pr\u00f2pia especifica sin\u00f3 que s\u00f3n els mateixos \u00f2rgans jurisdiccionals que coneixen del dret civil que en s\u00f3n competents.<\/p>\n\n\n\n<p>En aquest \u00e0mbit oferim tant els serveis propis de defensa jurisdiccional com:<\/p>\n\n\n\n<ul class=\"wp-block-list\">\n<li>La constituci\u00f3 de societats i tots els diferents sup\u00f2sits que contempla la vida societ\u00e0ria (redacci\u00f3 i modificaci\u00f3 d\u2019estatuts, pactes de socis, ampliaci\u00f3 de capital, compravenda d\u2019accions o participacions, dissolucions, fusions, ect..)<\/li>\n<\/ul>\n\n\n\n<ul class=\"wp-block-list\">\n<li>La redacci\u00f3 de documents diversos relacionats amb l\u2019activitat empresarial : creaci\u00f3, inversi\u00f3 estrangera, obertures de comer\u00e7, ect..<\/li>\n<\/ul>\n\n\n\n<ul class=\"wp-block-list\">\n<li>Assist\u00e8ncia en les negociacions i transaccions<\/li>\n<\/ul>\n<\/div>\n<\/div>\n\n<\/div><\/div>\n\n<div class=\"wp-block-ub-content-toggle-accordion\" id=\"ub-content-toggle-panel-block-2f9ff43b-3bbf-4b16-af79-b3eda8252e17\">\n                <div class=\"wp-block-ub-content-toggle-accordion-title-wrap\"\" aria-controls=\"ub-content-toggle-panel-3-368cda04-1df3-4fea-97e7-37a65fc3dc8a\" tabindex=\"0\">\n                    <p class=\"wp-block-ub-content-toggle-accordion-title ub-content-toggle-title-368cda04-1df3-4fea-97e7-37a65fc3dc8a\">Dret administratiu<\/p><div class=\"wp-block-ub-content-toggle-accordion-toggle-wrap right\"><span class=\"wp-block-ub-content-toggle-accordion-state-indicator wp-block-ub-chevron-down\"><\/span>\n                    <\/div><\/div><div role=\"region\" aria-expanded=\"false\" class=\"wp-block-ub-content-toggle-accordion-content-wrap ub-hide\" id=\"ub-content-toggle-panel-3-368cda04-1df3-4fea-97e7-37a65fc3dc8a\">\n\n<div class=\"wp-block-columns is-layout-flex wp-container-core-columns-is-layout-9d6595d7 wp-block-columns-is-layout-flex\">\n<div class=\"wp-block-column is-layout-flow wp-block-column-is-layout-flow\">\n<div class=\"wp-block-cover is-light\" style=\"min-height:500px;aspect-ratio:unset;\"><span aria-hidden=\"true\" class=\"wp-block-cover__background has-background-dim-0 has-background-dim\"><\/span><img loading=\"lazy\" decoding=\"async\" width=\"2560\" height=\"1709\" class=\"wp-block-cover__image-background wp-image-165\" alt=\"\" src=\"https:\/\/ml-advocats.com\/wp-content\/uploads\/2023\/04\/Admins-scaled.jpg\" data-object-fit=\"cover\" srcset=\"https:\/\/ml-advocats.com\/wp-content\/uploads\/2023\/04\/Admins-scaled.jpg 2560w, https:\/\/ml-advocats.com\/wp-content\/uploads\/2023\/04\/Admins-300x200.jpg 300w, https:\/\/ml-advocats.com\/wp-content\/uploads\/2023\/04\/Admins-1024x684.jpg 1024w, https:\/\/ml-advocats.com\/wp-content\/uploads\/2023\/04\/Admins-768x513.jpg 768w, https:\/\/ml-advocats.com\/wp-content\/uploads\/2023\/04\/Admins-1536x1025.jpg 1536w, https:\/\/ml-advocats.com\/wp-content\/uploads\/2023\/04\/Admins-2048x1367.jpg 2048w, https:\/\/ml-advocats.com\/wp-content\/uploads\/2023\/04\/Admins-360x240.jpg 360w\" sizes=\"auto, (max-width: 2560px) 100vw, 2560px\" \/><div class=\"wp-block-cover__inner-container is-layout-flow wp-block-cover-is-layout-flow\">\n<p class=\"has-text-align-center has-large-font-size\"><\/p>\n<\/div><\/div>\n<\/div>\n\n\n\n<div class=\"wp-block-column is-layout-flow wp-block-column-is-layout-flow\">\n<p>El&nbsp;<strong>Dret administratiu<\/strong>&nbsp;\u00e9s el conjunt de&nbsp;normes jur\u00eddiques&nbsp;que regulen l&#8217;organitzaci\u00f3, funcionament i atribucions de l&#8217;Administraci\u00f3 p\u00fablica&nbsp;en les seves relacions amb els particulars i amb altres administracions p\u00fabliques<\/p>\n\n\n\n<p>Prestem els nostres serveis en l\u2019\u00e0mbit contenci\u00f3s en tot tipus de procediment administratiu com pot ser: immigraci\u00f3, expulsions, sancions administratives comunals o governatives, entre altres&#8230;<\/p>\n<\/div>\n<\/div>\n\n<\/div><\/div>\n\n<div class=\"wp-block-ub-content-toggle-accordion\" id=\"ub-content-toggle-panel-block-26870d20-1d76-46d1-ad6a-a7894239578e\">\n                <div class=\"wp-block-ub-content-toggle-accordion-title-wrap\"\" aria-controls=\"ub-content-toggle-panel-4-368cda04-1df3-4fea-97e7-37a65fc3dc8a\" tabindex=\"0\">\n                    <p class=\"wp-block-ub-content-toggle-accordion-title ub-content-toggle-title-368cda04-1df3-4fea-97e7-37a65fc3dc8a\">Dret fiscal<\/p><div class=\"wp-block-ub-content-toggle-accordion-toggle-wrap right\"><span class=\"wp-block-ub-content-toggle-accordion-state-indicator wp-block-ub-chevron-down\"><\/span>\n                    <\/div><\/div><div role=\"region\" aria-expanded=\"false\" class=\"wp-block-ub-content-toggle-accordion-content-wrap ub-hide\" id=\"ub-content-toggle-panel-4-368cda04-1df3-4fea-97e7-37a65fc3dc8a\">\n\n<div class=\"wp-block-columns is-layout-flex wp-container-core-columns-is-layout-9d6595d7 wp-block-columns-is-layout-flex\">\n<div class=\"wp-block-column is-layout-flow wp-block-column-is-layout-flow\">\n<div class=\"wp-block-cover is-light\" style=\"min-height:500px;aspect-ratio:unset;\"><span aria-hidden=\"true\" class=\"wp-block-cover__background has-background-dim-0 has-background-dim\"><\/span><img loading=\"lazy\" decoding=\"async\" width=\"2560\" height=\"1707\" class=\"wp-block-cover__image-background wp-image-149\" alt=\"\" src=\"https:\/\/ml-advocats.com\/wp-content\/uploads\/2023\/04\/Dret-fiscal-scaled.jpg\" data-object-fit=\"cover\" srcset=\"https:\/\/ml-advocats.com\/wp-content\/uploads\/2023\/04\/Dret-fiscal-scaled.jpg 2560w, https:\/\/ml-advocats.com\/wp-content\/uploads\/2023\/04\/Dret-fiscal-300x200.jpg 300w, https:\/\/ml-advocats.com\/wp-content\/uploads\/2023\/04\/Dret-fiscal-1024x683.jpg 1024w, https:\/\/ml-advocats.com\/wp-content\/uploads\/2023\/04\/Dret-fiscal-768x512.jpg 768w, https:\/\/ml-advocats.com\/wp-content\/uploads\/2023\/04\/Dret-fiscal-1536x1024.jpg 1536w, https:\/\/ml-advocats.com\/wp-content\/uploads\/2023\/04\/Dret-fiscal-2048x1365.jpg 2048w, https:\/\/ml-advocats.com\/wp-content\/uploads\/2023\/04\/Dret-fiscal-360x240.jpg 360w\" sizes=\"auto, (max-width: 2560px) 100vw, 2560px\" \/><div class=\"wp-block-cover__inner-container is-layout-flow wp-block-cover-is-layout-flow\">\n<p class=\"has-text-align-center has-white-color has-text-color has-large-font-size\"><\/p>\n<\/div><\/div>\n<\/div>\n\n\n\n<div class=\"wp-block-column is-layout-flow wp-block-column-is-layout-flow\">\n<p>El <strong>Dret fiscal<\/strong> \u00e9s una part del dret administratiu relatiu a la finan\u00e7a p\u00fablica que regula l\u2019obtenci\u00f3 dels ingressos estatals, especialment a trav\u00e9s del sistema impositiu, i llur utilitzaci\u00f3 en les despeses p\u00fabliques.<\/p>\n\n\n\n<p>Prestem el nostre servei en els processos contenciosos en aquesta mat\u00e8ria.<\/p>\n\n\n\n<p>No prestem un servei acurat d\u2019assessorament fiscal per\u00f2 si que podem fer l\u2019acompanyament prop d\u2019experts professionals en aquest \u00e0mbit.<\/p>\n<\/div>\n<\/div>\n\n<\/div><\/div>\n\n<div class=\"wp-block-ub-content-toggle-accordion\" id=\"ub-content-toggle-panel-block-cb836da9-e992-4942-8bc4-b251167c2a4c\">\n                <div class=\"wp-block-ub-content-toggle-accordion-title-wrap\"\" aria-controls=\"ub-content-toggle-panel-5-368cda04-1df3-4fea-97e7-37a65fc3dc8a\" tabindex=\"0\">\n                    <p class=\"wp-block-ub-content-toggle-accordion-title ub-content-toggle-title-368cda04-1df3-4fea-97e7-37a65fc3dc8a\">Altres mitjans de resoluci\u00f3 de conflictes<\/p><div class=\"wp-block-ub-content-toggle-accordion-toggle-wrap right\"><span class=\"wp-block-ub-content-toggle-accordion-state-indicator wp-block-ub-chevron-down\"><\/span>\n                    <\/div><\/div><div role=\"region\" aria-expanded=\"false\" class=\"wp-block-ub-content-toggle-accordion-content-wrap ub-hide\" id=\"ub-content-toggle-panel-5-368cda04-1df3-4fea-97e7-37a65fc3dc8a\">\n\n<div class=\"wp-block-columns is-layout-flex wp-container-core-columns-is-layout-9d6595d7 wp-block-columns-is-layout-flex\">\n<div class=\"wp-block-column is-layout-flow wp-block-column-is-layout-flow\">\n<div class=\"wp-block-cover is-light\" style=\"min-height:500px;aspect-ratio:unset;\"><span aria-hidden=\"true\" class=\"wp-block-cover__background has-background-dim-0 has-background-dim\"><\/span><img loading=\"lazy\" decoding=\"async\" width=\"2560\" height=\"1707\" class=\"wp-block-cover__image-background wp-image-157\" alt=\"\" src=\"https:\/\/ml-advocats.com\/wp-content\/uploads\/2023\/04\/ADR-scaled.jpg\" data-object-fit=\"cover\" srcset=\"https:\/\/ml-advocats.com\/wp-content\/uploads\/2023\/04\/ADR-scaled.jpg 2560w, https:\/\/ml-advocats.com\/wp-content\/uploads\/2023\/04\/ADR-300x200.jpg 300w, https:\/\/ml-advocats.com\/wp-content\/uploads\/2023\/04\/ADR-1024x683.jpg 1024w, https:\/\/ml-advocats.com\/wp-content\/uploads\/2023\/04\/ADR-768x512.jpg 768w, https:\/\/ml-advocats.com\/wp-content\/uploads\/2023\/04\/ADR-1536x1024.jpg 1536w, https:\/\/ml-advocats.com\/wp-content\/uploads\/2023\/04\/ADR-2048x1365.jpg 2048w, https:\/\/ml-advocats.com\/wp-content\/uploads\/2023\/04\/ADR-360x240.jpg 360w\" sizes=\"auto, (max-width: 2560px) 100vw, 2560px\" \/><div class=\"wp-block-cover__inner-container is-layout-flow wp-block-cover-is-layout-flow\">\n<p class=\"has-text-align-center has-white-color has-text-color has-large-font-size\"><\/p>\n<\/div><\/div>\n<\/div>\n\n\n\n<div class=\"wp-block-column is-layout-flow wp-block-column-is-layout-flow\">\n<p>La <strong>resoluci\u00f3 de conflictes<\/strong> entre particulars emprant la via judicial no sempre \u00e9s la millor opci\u00f3.<\/p>\n\n\n\n<p>Aquesta decisi\u00f3 comporta temps, sovint desgast personal i no sempre s\u2019obt\u00e9 satisfacci\u00f3 per la resoluci\u00f3 judicial obtinguda.<\/p>\n\n\n\n<p>Existeixen altres mitjans alternatius que poden entrar en joc, segons el cas, i que poden aportar major efic\u00e0cia resolutiva al conflicte com s\u00f3n:<\/p>\n\n\n\n<ul class=\"wp-block-list\">\n<li>La mediaci\u00f3: es tracta d\u2019un procediment al qual s\u2019acullen volunt\u00e0riament les parts per trobar, juntes, amb l\u2019ajuda professional d\u2019un mediador\/a completament imparcial, la soluci\u00f3 al conflicte, arribant a construir un \u201cacord de mediaci\u00f3\u201d que es pot elevar a p\u00fablic i que te la mateixa for\u00e7a vinculant que una sent\u00e8ncia.<\/li>\n<\/ul>\n\n\n\n<ul class=\"wp-block-list\">\n<li>La conciliaci\u00f3: \u00e9s un procediment de caracter\u00edstiques semblants per\u00f2 en el marc del qual un tercer imparcial ofereix propostes de solucions.<\/li>\n\n\n\n<li>L\u2019arbitratge: es tracta de rec\u00f3rrer davant un tribunal compost de t\u00e8cnics en la mat\u00e8ria objecte de controv\u00e8rsia que decideix al respecte emetent un \u201claude arbitral\u201d.<\/li>\n<\/ul>\n\n\n\n<p>Oferim un servei d\u2019assessorament i d\u2019acompanyament en aquests processos.<\/p>\n\n\n\n<p>Assessorament per diagnosticar quin sup\u00f2sit pot convenir&nbsp; millor al cas plantejat i acompanyament per a la defensa dels interessos del client en el marc del&nbsp; procediment escollit.<\/p>\n\n\n\n<p>Particularment oferim un servei propi i espec\u00edfic en mediaci\u00f3 amb professionals acreditats i inscrits al Registre de Mediadors d\u2019Andorra.<\/p>\n<\/div>\n<\/div>\n\n<\/div><\/div>\n<\/div>","protected":false},"excerpt":{"rendered":"","protected":false},"author":1,"featured_media":0,"parent":0,"menu_order":0,"comment_status":"closed","ping_status":"closed","template":"","meta":{"ub_ctt_via":"","footnotes":""},"class_list":["post-56","page","type-page","status-publish","hentry"],"featured_image_src":null,"_links":{"self":[{"href":"https:\/\/ml-advocats.com\/index.php\/wp-json\/wp\/v2\/pages\/56","targetHints":{"allow":["GET"]}}],"collection":[{"href":"https:\/\/ml-advocats.com\/index.php\/wp-json\/wp\/v2\/pages"}],"about":[{"href":"https:\/\/ml-advocats.com\/index.php\/wp-json\/wp\/v2\/types\/page"}],"author":[{"embeddable":true,"href":"https:\/\/ml-advocats.com\/index.php\/wp-json\/wp\/v2\/users\/1"}],"replies":[{"embeddable":true,"href":"https:\/\/ml-advocats.com\/index.php\/wp-json\/wp\/v2\/comments?post=56"}],"version-history":[{"count":31,"href":"https:\/\/ml-advocats.com\/index.php\/wp-json\/wp\/v2\/pages\/56\/revisions"}],"predecessor-version":[{"id":309,"href":"https:\/\/ml-advocats.com\/index.php\/wp-json\/wp\/v2\/pages\/56\/revisions\/309"}],"wp:attachment":[{"href":"https:\/\/ml-advocats.com\/index.php\/wp-json\/wp\/v2\/media?parent=56"}],"curies":[{"name":"wp","href":"https:\/\/api.w.org\/{rel}","templated":true}]}}